he remainder when 25086 is divided by 2279.
17
Calculate the remainder when 2816 is divided by 113.
104
What is the remainder when 29603 is divided by 188?
87
Calculate the remainder when 6222 is divided by 448.
398
What is the remainder when 7576 is divided by 758?
754
What is the remainder when 8791 is divided by 210?
181
What is the remainder when 2122 is divided by 153?
133
What is the remainder when 30683 is divided by 71?
11
Calculate the remainder when 361638 is divided by 73.
69
What is the remainder when 18038 is divided by 220?
218
Calculate the remainder when 137281 is divided by 58.
53
What is the remainder when 33477 is divided by 125?
102
Calculate the remainder when 26036 is divided by 26034.
2
Calculate the remainder when 31755 is divided by 254.
5
What is the remainder when 7157 is divided by 1414?
87
What is the remainder when 502 is divided by 221?
60
What is the remainder when 9982 is divided by 175?
7
Calculate the remainder when 12121 is divided by 199.
181
What is the remainder when 107752 is divided by 35908?
28
Calculate the remainder when 132808 is divided by 233.
231
What is the remainder when 9087 is divided by 126?
15
Calculate the remainder when 30440 is divided by 345.
80
Calculate the remainder when 2642 is divided by 42.
38
Calculate the remainder when 878 is divided by 84.
38
What is the remainder when 50402 is divided by 504?
2
What is the remainder when 2237 is divided by 304?
109
Calculate the remainder when 44781 is divided by 311.
308
Calculate the remainder when 2698 is divided by 39.
7
What is the remainder when 36355 is divided by 596?
595
Calculate the remainder when 3356 is divided by 434.
318
Calculate the remainder when 200872 is divided by 50.
22
Calculate the remainder when 4192 is divided by 1394.
10
Calculate the remainder when 516069 is divided by 10.
9
What is the remainder when 66324 is divided by 100?
24
Calculate the remainder when 5118 is divided by 1712.
1694
What is the remainder when 22366 is divided by 21?
1
What is the remainder when 7595 is divided by 1895?
15
Calculate the remainder when 12725 is divided by 1413.
8
Calculate the remainder when 60628 is divided by 978.
970
Calculate the remainder when 18189 is divided by 330.
39
Calculate the remainder when 3113 is divided by 1550.
13
Calculate the remainder when 482689 is divided by 40.
9
What is the remainder when 57695 is divided by 19205?
80
Calculate the remainder when 98456 is divided by 18.
14
Calculate the remainder when 10729 is divided by 112.
89
Calculate the remainder when 90941 is divided by 17.
8
Calculate the remainder when 50339 is divided by 50319.
20
What is the remainder when 9335 is divided by 4667?
1
Calculate the remainder when 871333 is divided by 290426.
55
Calculate the remainder when 19248 is divided by 10.
8
What is the remainder when 1771 is divided by 52?
3
Calculate the remainder when 2030 is divided by 172.
138
What is the remainder when 6421 is divided by 73?
70
Calculate the remainder when 637 is divided by 632.
5
Calculate the remainder when 95080 is divided by 31689.
13
What is the remainder when 21140 is divided by 9?
8
Calculate the remainder when 118171 is divided by 281.
151
What is the remainder when 6785 is divided by 2209?
158
Calculate the remainder when 585219 is divided by 45.
39
What is the remainder when 255350 is divided by 141?
140
Calculate the remainder when 6252 is divided by 271.
19
What is the remainder when 236243 is divided by 214?
201
What is the remainder when 87090 is divided by 347?
340
Calculate the remainder when 3152 is divided by 160.
112
What is the remainder when 4842 is divided by 6?
0
What is the remainder when 10630 is divided by 72?
46
What is the remainder when 2759347 is divided by 58?
55
What is the remainder when 745533 is divided by 22?
19
Calculate the remainder when 8077 is divided by 4028.
21
What is the remainder when 54696 is divided by 547?
543
Calculate the remainder when 6698 is divided by 1365.
1238
Calculate the remainder when 30923 is divided by 16.
11
What is the remainder when 228563 is divided by 67?
26
Calculate the remainder when 1949 is divided by 244.
241
Calculate the remainder when 1778183 is divided by 22.
11
What is the remainder when 1954129 is divided by 21?
16
What is the remainder when 5849 is divided by 280?
249
Calculate the remainder when 4672 is divided by 4.
0
Calculate the remainder when 13104 is divided by 442.
286
Calculate the remainder when 274721 is divided by 33.
29
Calculate the remainder when 25897 is divided by 1472.
873
What is the remainder when 4648 is divided by 48?
40
Calculate the remainder when 122951 is divided by 30733.
19
What is the remainder when 1544 is divided by 766?
12
Calculate the remainder when 583 is divided by 150.
133
What is the remainder when 104865 is divided by 108?
105
What is the remainder when 129024 is divided by 115?
109
Calculate the remainder when 22356 is divided by 2794.
4
What is the remainder when 5481 is divided by 5472?
9
What is the remainder when 1601 is divided by 428?
317
Calculate the remainder when 1311794 is divided by 135.
134
Calculate the remainder when 1849118 is divided by 224.
222
Calculate the remainder when 18457 is divided by 29.
13
Calculate the remainder when 54033 is divided by 67.
31
What is the remainder when 13775 is divided by 7?
6
Calculate the remainder when 376008 is divided by 57.
36
Calculate the remainder when 1015382 is divided by 94.
88
Calculate the remainder when 8506 is divided by 224.
218
What is the remainder when 4547 is divided by 4515?
32
What is the remainder when 13829 is divided by 38?
35
What is the remainder when 25111 is divided by 107?
73
Calculate the remainder when 45744 is divided by 23.
20
Calculate the remainder when 11618 is divided by 506.
486
What is the remainder when 77073 is divided by 143?
139
What is the remainder when 588605 is divided by 1521?
1499
Calculate the remainder when 142118 is divided by 170.
168
Calculate the remainder when 1645 is divided by 630.
385
Calculate the remainder when 6888 is divided by 265.
263
What is the remainder when 2490 is divided by 361?
324
Calculate the remainder when 26253 is divided by 13125.
3
What is the remainder when 11859 is divided by 1468?
115
Calculate the remainder when 127108 is divided by 124.
8
Calculate the remainder when 15901 is divided by 32.
29
What is the remainder when 885 is divided by 881?
4
What is the remainder when 7585 is divided by 27?
25
Calculate the remainder when 47360 is divided by 1633.
3
Calculate the remainder when 11272 is divided by 173.
27
Calculate the remainder when 140 is divided by 75.
65
What is the remainder when 144056 is divided by 48008?
32
Calculate the remainder when 4805 is divided by 283.
277
Calculate the remainder when 3718909 is divided by 73.
70
Calculate the remainder when 6037 is divided by 33.
31
Calculate the remainder when 159414 is divided by 489.
0
What is the remainder when 144246 is divided by 4?
2
Calculate the remainder when 72070 is divided by 572.
570
What is the remainder when 1237 is divided by 334?
235
Calculate the remainder when 497 is divided by 150.
47
What is the remainder when 3027 is divided by 282?
207
What is the remainder when 45043 is divided by 55?
53
What is the remainder when 28993 is divided by 124?
101
Calculate the remainder when 54688 is divided by 1764.
4
What is the remainder when 23017 is divided by 7672?
1
Calculate the remainder when 35067 is divided by 70.
67
What is the remainder when 677073 is divided by 34?
31
Calculate the remainder when 474469 is divided by 1027.
1022
Calculate the remainder when 860 is divided by 29.
19
Calculate the remainder when 8955 is divided by 149.
15
What is the remainder when 778541 is divided by 247?
244
Calculate the remainder when 11612 is divided by 683.
1
Calculate the remainder when 1075971 is divided by 134493.
27
What is the remainder when 165566 is divided by 1592?
1590
What is the remainder when 346239 is divided by 2838?
3
Calculate the remainder when 1560 is divided by 390.
0
Calculate the remainder when 8397 is divided by 334.
47
Calculate the remainder when 8031 is divided by 1248.
543
Calculate the remainder when 109697 is divided by 473.
434
